 + 40. What is the remainder when t(1) is divided by ((-17)/(-4))/(1/4)?
14
Suppose -3*l + 3 = -s, -5*s + 0*s - 3*l = 51. Let h = s - -56. Suppose -4*t - 5*a + 104 = 15, a = 5. What is the remainder when h is divided by t?
15
Suppose 0 = 4*p + 4*t - 144, 4*p + 5*t + 27 = 173. What is the remainder when 129 is divided by p?
27
What is the remainder when (-131)/(-5)*((-55)/(-5) - 6) is divided by 44?
43
Let d(y) = -2*y - 6. Let l be d(-7). Suppose 2*q - l = 90. What is the remainder when q is divided by 13?
10
Let o = -1836 - -1852. What is the remainder when 573 is divided by o?
13
Let o = 1557 + -1538. What is the remainder when 56 is divided by o?
18
Suppose -5*d + 4*s = 5*s + 9, 3*d - 4*s = -10. Suppose 4*l - 405 = l. What is the remainder when 1920/l - d/(-9) is divided by 4?
2
Let p = -748 - -798. Calculate the remainder when 127 is divided by p.
27
Let q(a) = -a**2 - 12*a - 32. Let c be q(-10). Calculate the remainder when c/3 - 7/((-7)/18) is divided by 6.
2
Calculate the remainder when ((-28)/(-12) + -2)/(3/747) is divided by 21.
20
Let r(h) = -2*h - 21. Let l be r(-12). Suppose l*m - 137 = 61. Calculate the remainder when m is divided by 23.
20
Calculate the remainder when (4432/(-48))/((0 - -2)/(-6)) is divided by 20.
17
Let h(f) = -f**2 - 9*f - 9. Let k be h(-7). Suppose 0*x + 10 = k*x. Suppose x*t + t - 54 = 0. Calculate the remainder when t is divided by 7.
4
Let b(s) = 29*s + 6. Calculate the remainder when b(2) is divided by 43.
21
Let j(v) = -v**3 - 4*v**2 + 2*v - 13. Let i be j(-5). Suppose -4*s - 110 = -i*z, -3*z - 13 = s - 164. Calculate the remainder when z is divided by 18.
15
Let v(w) = -w**2 - 43*w - 117. What is the remainder when v(-9) is divided by 89?
11
Let u = 1533 + -1070. Suppose -6*h + u = -275. What is the remainder when h is divided by 21?
18
Suppose -8 + 20 = 3*f. Suppose -2*q = -0*q - f, -142 = -2*x + 3*q. Calculate the remainder when x is divided by 19.
17
Let v(i) = -i**2 + 4*i + 3. Let r be v(4). Suppose r*k - 54 = 2*k. What is the remainder when k is divided by 14?
12
Suppose 0 = 6*t - 3*t - 81. Let n = 189 - 106. Let b = 93 - n. What is the remainder when t is divided by b?
7
Suppose -8*n = -11*n + 93. Calculate the remainder when n is divided by 11.
9
Let y be ((-5)/2)/(-5)*8. Let g(s) = 3*s - 1. Let o be g(2). Suppose -o*i + h + y*h = -160, -i = -2*h - 30. What is the remainder when i is divided by 12?
10
Suppose 10 = 5*u - 280. Suppose 4*y + 60 = 6*y. Calculate the remainder when u is divided by y.
28
Let t be ((-1 - 1)*8)/(-1). Suppose 2*g + t = 3*a, 2*a = -g - 2*g - 24. Let d = g + 21. What is the remainder when 62 is divided by d?
10
Let i(w) = w**3 + 11*w**2 - 22*w + 62. Calculate the remainder when i(-10) is divided by 77.
74
Let b = 288 - 245. What is the remainder when b is divided by 9?
7
What is the remainder when 134 is divided by (84/30)/(16/(-60))*-2?
8
Let w(u) = 3*u**3 - 4*u + 21. Calculate the remainder when w(3) is divided by 24.
18
Suppose 144 = -4*f + 8*f. Suppose -4*k - 16 = -3*b, -2*k + 34 + f = 5*b. Calculate the remainder when 23 is divided by b.
11
Let j = -530 + 648. Let g(p) = p**2 - 7*p - 7. What is the remainder when j is divided by g(9)?
8
Let h(n) = n**3 + 4*n**2 - 5*n + 3. Let i be h(-6). Calculate the remainder when 5 is divided by (12/(-10))/(i/130).
1
Suppose -906 = -0*z - 2*z. What is the remainder when z is divided by 7?
5
Let h(v) = 58*v**2. Let w(k) = 21*k**3 - k**2 + k - 1. What is the remainder when h(1) is divided by w(1)?
18
Let f = 345 + -227. Suppose i = -4*a + f, 114 = 4*a - 4*i + 3*i. Calculate the remainder when 83 is divided by a.
25
Suppose -o - 17 + 119 = 0. Suppose -4*l - 105 = -9*l. Calculate the remainder when o is divided by l.
18
What is the remainder when 86 is divided by -2*2/(-2) - -21?
17
Let f = 355 - 309. What is the remainder when 130 is divided by f?
38
Suppose i = 2*i - 82. Let k = 129 - i. Calculate the remainder when k is divided by (3*4 + 6 + -6)*1.
11
Let b = -8 + 21. Calculate the remainder when 114 is divided by b.
10
Suppose -32*n = 9*n - 820. Calculate the remainder when 157 is divided by n.
17
Suppose -14 = z - 18. Suppose 0 = 2*i - z*j - 70, 4*j - 2 = -6. What is the remainder when 131 is divided by i?
32
Let q = 284 + -205. What is the remainder when q is divided by 6?
1
Let o(q) = -q + 7. Let n be o(7). Suppose -h + n*h = 0. Suppose h = 3*t - 8*t + 75. What is the remainder when t is divided by 8?
7
Let z(w) = 6*w + 43. What is the remainder when 110 is divided by z(-4)?
15
Suppose -466 = -4*h - 0*h + x, 3*h + x - 353 = 0. What is the remainder when h is divided by 31?
24
Suppose -3*t - 7 = o - 1, -5*t + 75 = -4*o. Let k = 32 + o. Suppose 5*r = j + 29, -4*r = 4*j + 4 - 8. What is the remainder when k is divided by r?
2
Suppose 622 = 3*v + 4*k - 279, -5*v - 5*k + 1510 = 0. What is the remainder when v is divided by 28?
27
Suppose -608 = -6*j - 422. Calculate the remainder when 45 is divided by j.
14
Suppose -r + 2*r - 153 = 0. Suppose -3*p + r = -0*p. Calculate the remainder when p is divided by (-1040)/(-39) - 2/3.
25
What is the remainder when 90 is divided by 5*1*(8 + 136/(-40))?
21
Suppose -54*x + 4355 = -667. What is the remainder when x is divided by 35?
23
Calculate the remainder when 6/14 + 474/21 is divided by 6.
5
Let a = -198 - -219. What is the remainder when a is divided by 7?
0
Let s(r) = -r**3 + 25*r**2 + 41*r - 81. What is the remainder when s(26) is divided by 45?
39
Let w = 728 - 700. What is the remainder when 501 is divided by w?
25
Let d(a) = 14*a**3 + 6*a**2 - 5. Let s(z) = z - 11. Let q be s(7). Let v be d(q). Calculate the remainder when (-1)/(-6) + v/(-30) is divided by 15.
12
Suppose -15 = -4*c - 7. Suppose 0*o = -q + 3*o + 7, q - 4*o - c = 0. Calculate the remainder when 86 is divided by q.
20
Suppose 3*c = -2*c + 130. What is the remainder when ((40/2)/(9/18))/((-6)/(-15)) is divided by c?
22
Suppose -g - g + 40 = 4*x, 4*g = -4*x + 72. What is the remainder when g is divided by 6?
4
Suppose 4*x - 44 = 3*j, -x - 4 = j + 20. Let w be -1 + (-80)/6 - (-28)/84. Let p = w - j. Calculate the remainder when 10 is divided by p.
4
Suppose 131*s = 129*s + 766. What is the remainder when s is divided by 64?
63
Let b(k) = 2*k**2 - 2*k + 3. Let x be (2/3)/((-4)/(-54)). What is the remainder when (3/x)/((-2)/(-18)) is divided by b(0)?
0
Let p be 1/(-1) - (-7 - (-1)/1). Suppose -5 = -p*s + 3*s + f, 23 = 5*s + f. What is the remainder when 9 is divided by s?
1
Let u(h) = 4*h - 38. Suppose -3*l + 41 = 8. Calculate the remainder when u(l) is divided by 5.
1
Let u(d) = -d**3 - 7*d**2 - 9*d - 14. Let i be u(-6). Let n(z) = 11*z - 12. What is the remainder when 157 is divided by n(i)?
29
Let g(o) = 3*o + 1. Let c(r) = -r**2 - r + 2. Let s be c(0). Suppose 3*l - s*l - 3*w + 1 = 0, w + 18 = 4*l. What is the remainder when 30 is divided by g(l)?
14
Let z be -3*2/(-6) - 1. Let a(l) = l**2 + l + 58. What is the remainder when a(z) is divided by (-2)/(-10) - ((-416)/20 - -6)?
13
Suppose -12 = 4*p, -p + 8 = -0*o + o. Calculate the remainder when (-37 - -1)*(-1)/6*9 is divided by o.
10
Let u = -455 - -613. What is the remainder when u is divided by 9?
5
Let g(p) = -8*p - 89. Let t be g(-24). Let v = -97 + t. What is the remainder when 33 is divided by v?
3
Let g(m) be the first derivative of m**4/4 - 3*m**3 + 4*m**2 - 4*m - 5. Let a be g(8). What is the remainder when 39 is divided by a/10 - (-144)/10?
11
Suppose -39*u = -40*u + 37. Let o(s) = -s**2 + 44. What is the remainder when u is divided by o(-5)?
18
Let b(p) = -p**3 - 7*p + 14. Let f be b(4). Let m = f + 92. What is the remainder when 65 is divided by m?
9
Suppose -17*b + 531 + 64 = 0. What is the remainder when 100 is divided by b?
30
Let y = -1214 - -1451. What is the remainder when y is divided by 14?
13
Let o = -26 + 32. Suppose -3 + o = b. Let i(q) = q**2 + 1. Calculate the remainder when i(2) is divided by b.
2
Suppose -2*t = -10 + 2. Suppose -11*k + t*k = -357. What is the remainder when k is divided by 19?
13
Let t be -220 - (0/(-1) + 2). What is the remainder when 111 is divided by (t/(-8) - -1) + 3/(-4)?
27
Let r(g) = g**3 - 2*g**2 - 5. Let h be 13/5 - 2/(-5). Let u(f) = 2*f**2 - 3*f - 2. Calculate the remainder when u(h) is divided by r(3).
3
Let l(f) = -36